 2*f**2 - 5*f + 3. Let h be g(2). Let l = h - -38. Suppose -10*z + 3 = -l. What are the prime factors of z?
3, 7
Let q(u) = 514*u + 4997. List the prime factors of q(15).
97, 131
Let y = 11565 - -8482. What are the prime factors of y?
20047
Let r = -407 + 510. Suppose 1729 = -r*q + 110*q. List the prime factors of q.
13, 19
Suppose 41*f = 26*f + 8565. Suppose 5*j - f = -3*a + 2716, -4*a + 4398 = -j. What are the prime factors of a?
7, 157
Let f = -17765 - -18407. List the prime factors of f.
2, 3, 107
Suppose -2572697 = -437*r + 1565364 + 6354746. List the prime factors of r.
13, 1847
Let g be ((-11)/2)/((-1)/2). Let h(b) = b - 9. Let p be h(g). Suppose 0*x - 46 = -3*c - p*x, 4*c + x = 63. List the prime factors of c.
2
Suppose -4*g + 2*j + 1 = 5*j, 0 = -3*g - 2*j + 1. Let u be (g/(-4))/(3 - (-39)/(-12)). What are the prime factors of 133 + u + -4*3/12?
7, 19
Let w(y) = -17 + 32 + 16 - 58*y - 75*y. What are the prime factors of w(-2)?
3, 11
Suppose -5*j + 4*i + 8206 = -4*j, -5*j + 41062 = -4*i. List the prime factors of j.
2, 3, 37
Let k be 2/(((-45)/50)/9). Let w = 25 + k. Suppose h - 5*t = 115, -h - w*t = -20 - 45. What are the prime factors of h?
2, 3, 5
Let l(x) = 1003 + 9*x**2 - 3078 + 1017 - 2*x + 1024. Suppose -8*m = -3*m - q + 25, -4*m - 2*q - 20 = 0. What are the prime factors of l(m)?
3, 67
What are the prime factors of (13 - 4)*(-1802)/(-6)?
3, 17, 53
Let o(m) = 7*m**2 - 26*m - 547. List the prime factors of o(22).
2269
Let s be (-6*(-3)/12)/(30/(-40)). Let w(g) = -165*g + 25. What are the prime factors of w(s)?
5, 71
Let o = -1085 - -763. Let l = 83 - o. What are the prime factors of l?
3, 5
Suppose -66254 = -7*o + 32754. Suppose -o = -24*v + 11*v. What are the prime factors of v?
2, 17
Let c(o) = -2*o. Let l be c(-1). Suppose l*r - 218 = -5*w, -r - 3*r = 3*w - 436. Suppose -r - 346 = -5*z. What are the prime factors of z?
7, 13
Let x = -22 - -22. Suppose x = 3*l - 0*l - 306. Suppose -l = -n - 5*o + 2*o, -2*n + 204 = 4*o. What are the prime factors of n?
2, 3, 17
Suppose -25*b + 6642 = -19*b. Suppose 21*v - b = 18*v. What are the prime factors of v?
3, 41
Let s be -29 + 31 + (2 - 1). Suppose 8*w = s*c + 3*w - 1908, 3180 = 5*c + 3*w. What are the prime factors of c?
2, 3, 53
Suppose 2*g = 4*f + 4*g - 10, -2*g = -2*f - 10. Suppose f = 68*r - 71*r + 288. Let i = -33 + r. List the prime factors of i.
3, 7
Let h be (-125)/(-3) - (-12)/36. Suppose -h - 12 = 9*p. Let b = 189 + p. List the prime factors of b.
3, 61
Let b be 8/8*(-170)/(-2) + -2. Suppose 86*m - 765 = b*m. List the prime factors of m.
3, 5, 17
Let s(r) = -r**3 + 8*r**2 + 10*r - 9. Let l be s(9). Suppose 5*j + 382 = 3*h - l*j, 0 = -3*j + 12. Let z = 236 - h. What are the prime factors of z?
2, 3, 17
Suppose 0 = 2*u + 2 + 2, -3*u = q + 350. Let p = q + 530. What are the prime factors of p?
2, 3, 31
Suppose t - 3 = 0, -t + 4*t + 3 = 3*l. Let r be ((-2)/l)/(3/(-24)). Let d(q) = 5*q**2 - 8. List the prime factors of d(r).
2, 3
Let u = 11630 - -5892. List the prime factors of u.
2, 8761
Let x(m) = -m**3 - 10*m**2 - 27*m + 11. Suppose -15*t = 63 + 87. What are the prime factors of x(t)?
281
Let x(s) = 8*s + 7*s - 20 - 4*s. Suppose -5*p - 22 = -4*h, 3*h + 16*p = 15*p + 26. What are the prime factors of x(h)?
2, 17
Let c(i) = 53*i - 23. Let r be c(2). Suppose r*b - 78*b - 1095 = 0. What are the prime factors of b?
3, 73
Suppose -m - u + 4*u + 16324 = 0, -2*u = 3*m - 49027. What are the prime factors of m?
16339
Suppose -5*c - 53 = -b, -3*b + c = -0*b - 131. Suppose -b*r + 3944 = -35*r. What are the prime factors of r?
17, 29
Suppose 3*d + 59*s = 63*s + 13689, 0 = 4*d - 4*s - 18244. What are the prime factors of d?
5, 911
Suppose v = -4*w - 27, -3*w - 12*v = -7*v - 1. Let p(f) = -f**3 + 6*f**2 - 4*f - 65. What are the prime factors of p(w)?
863
Let l(t) = -8*t**3 + 2*t**2 + 10*t - 2. Let h(s) = 8*s**3 - 2*s**2 - 9*s + 3. Let v(c) = 5*h(c) + 6*l(c). List the prime factors of v(-4).
487
Let z = 78095 + -31270. List the prime factors of z.
5, 1873
Suppose -3382033 = -78*d - 450013. What are the prime factors of d?
2, 3, 5, 7, 179
Let j = -2631 - -3263. List the prime factors of j.
2, 79
Suppose -14*n = 13*n + 27. List the prime factors of (-1)/(n*7/4963).
709
Let h(k) be the second derivative of k**4/6 - 16*k**3/3 + k**2 - 18*k - 1. List the prime factors of h(24).
2, 193
Suppose 124 = 2*f - 590. List the prime factors of 110712/f + (6/(-17))/3.
2, 5, 31
Let o(v) = 2*v**3 - 5*v**2 - 12*v + 14. Let h be o(7). Let u = -178 + h. Let w = u + -99. What are the prime factors of w?
2, 47
Suppose 19*u - 19021 = 17421. List the prime factors of u.
2, 7, 137
Suppose 15 - 39 = -4*t. Let j = t - 26. What are the prime factors of (-48)/j - (-12)/20?
3
Let l(p) = 13*p**2 - 31*p - 3. Let w be 237/30 - 6/(-60). List the prime factors of l(w).
7, 83
Let v(w) = w**3 - 2*w**2 + 3*w - 5. Let n be v(2). Let f be -1 + (-58)/2*n. Let h = f - -132. What are the prime factors of h?
2, 3, 17
Let p be 407 - -3 - (-32)/8. Let t = 459 - p. List the prime factors of t.
3, 5
Let s(d) = -18*d - d**2 - 20*d + 243 + 18*d - 19*d. List the prime factors of s(-22).
617
Suppose -2*p - 3*c + 15 = 0, 2*p + 4*c - 21 = -c. Suppose p = 7*x - 6*x. Suppose -k = t - 5*t + 180, -x*k = -4*t + 172. List the prime factors of t.
2, 23
Suppose -6 = -4*g - a, 5*a = -2*g + 2*a + 8. Let m be 482*g/(-2) + 1. Let y = -145 - m. What are the prime factors of y?
5, 19
Suppose -o = -5*c + 9, -4*c + 16 = 4. Suppose 3*z - 1592 = -10*x + o*x, -1612 = -3*z + x. What are the prime factors of z?
2, 67
Let v(l) be the first derivative of l**3 + 5*l**2 - 7*l + 30. Let k be v(-8). Let i = k + 43. What are the prime factors of i?
2, 37
Let x = -1284 + 1806. Let d = -937 + 941. Suppose t = -5*c + 1332, -2*c + 0*t + x = d*t. What are the prime factors of c?
3, 89
Suppose 11 = -h + 13. Suppose 2*o - 108 = -4*t, -h*o + 135 = 5*t - 0*t. Suppose -q = -4*q + t. What are the prime factors of q?
3
Let o be (-36)/(-27) + (-3 - (-706)/(-3)). Let v = -222 - o. List the prime factors of v.
3, 5
What are the prime factors of (-87)/((-16731)/(-22836) + (-6)/8)?
29, 173
Let q(p) = 33*p**2 + 2*p. Let x be 5/(-40) + (-21)/24. Let c be q(x). Let k = 72 - c. List the prime factors of k.
41
Let c(x) = -x**2 + 18. Let b be c(0). Let n(j) = 1454*j + 111. Let w be n(10). What are the prime factors of (-4)/b - w/(-117)?
5
Let v = 1992 + -914. What are the prime factors of v?
2, 7, 11
Let a be 5/((-5)/(-4)) - -5. Let w be ((-4)/a)/2 + (-8619)/(-27). Suppose -5*z = -w - 226. What are the prime factors of z?
109
Let q(g) = -2*g**2 - 25*g + 18. Let h be q(-13). Suppose 1827 = 5*p - v + 329, -4*v = p - 308. Suppose -p = h*r - 11*r. List the prime factors of r.
2, 5
Suppose -40*b + 35*b + 287331 = -9*o, 0 = 2*b - 3*o - 114930. What are the prime factors of b?
3, 107, 179
Let b = 5511 + 10228. What are the prime factors of b?
15739
Let v(a) = a**2 + 2*a - 3. Let i be v(-3). Suppose -58*w + 66*w - 3696 = i. List the prime factors of w.
2, 3, 7, 11
Let b(h) = 13*h**3 + h**2 + 2*h - 5. Let j be b(2). Let w = 6 - 3. Suppose 163 = w*q - j. List the prime factors of q.
2, 3, 5
Suppose 360*q - 362*q = -8. Suppose -4*g + 2*t = 3*t - 424, q*g - 2*t = 436. What are the prime factors of g?
107
Let w = -35 + 223. Suppose v - 207 = -w. What are the prime factors of v?
19
Let d(a) = a**3 + 5*a**2 - 12*a - 30. Let s be d(-7). What are the prime factors of (-16)/s*(-177353)/(-46)?
2, 701
Suppose 55 = 4*s + x, -5*s - 3*x = -8 - 66. Suppose s*f + 5 + 34 = 0. List the prime factors of 15 + (f - (-9)/3).
3, 5
Suppose -37*p + 380000 = -75322. What are the prime factors of p?
2, 3, 7, 293
Let f(i) = 714*i - 52 - 59 + 88. What are the prime factors of f(1)?
691
Let p(o) = 15*o**2 - 2*o + 11. Let i(u) = -13*u + 45. Let n be i(3). List the prime factors of p(n).
7, 11
Suppose 0 = -15*b + 1716 + 6579. Let w = -68 + b. List the prime factors of w.
5, 97
Let p(u) = -49*u - 4. Let x(w) = -w**3 + 7*w - 5. Let n be x(3). What are the prime factors of p(n)?
5, 107
Suppose 3*h - 31 = -3*f - 7, 4*h = 3*f - 10. Let v(d) = -3*d + 12. Let i be v(f). Let k = i + 24. List the prime factors of k.
2, 3
Let x be ((-21)/6 - -4)*8. Suppose 0 = -x*a + 49 + 163. Let n = a - -6. List the prime factors of n.
59
Let c = 127 - 128. 